e hundred thousands digit of 7517499?
5
What is the hundred millions digit of 255527463?
2
What is the ten millions digit of 77358725?
7
What is the ten thousands digit of 71086956?
8
What is the hundred millions digit of 391292923?
3
What is the tens digit of 18058951?
5
What is the billions digit of 1109006707?
1
What is the hundred thousands digit of 25612985?
6
What is the ten thousands digit of 658740267?
4
What is the billions digit of 5047480626?
5
What is the tens digit of 199338775?
7
What is the millions digit of 762149267?
2
What is the units digit of 64878675?
5
What is the tens digit of 3036661454?
5
What is the units digit of 44327902?
2
What is the hundreds digit of 189194587?
5
What is the tens digit of 14779453?
5
What is the millions digit of 782440731?
2
What is the millions digit of 439186513?
9
What is the ten thousands digit of 604661730?
6
What is the tens digit of 858928638?
3
What is the ten millions digit of 1633803044?
3
What is the millions digit of 1965579886?
5
What is the ten thousands digit of 3328799?
2
What is the tens digit of 236024770?
7
What is the hundreds digit of 116614069?
0
What is the ten millions digit of 60254607?
6
What is the hundreds digit of 117631941?
9
What is the units digit of 53771405?
5
What is the hundreds digit of 338394246?
2
What is the hundreds digit of 1674315659?
6
What is the ten millions digit of 5442402474?
4
What is the tens digit of 236820702?
0
What is the ten millions digit of 19757874?
1
What is the hundreds digit of 94238220?
2
What is the hundred thousands digit of 14309768?
3
What is the ten thousands digit of 14375126?
7
What is the hundreds digit of 1197445301?
3
What is the millions digit of 95631138?
5
What is the ten thousands digit of 57602331?
0
What is the hundred thousands digit of 376980889?
9
What is the tens digit of 1130502287?
8
What is the tens digit of 745166981?
8
What is the hundred millions digit of 247769841?
2
What is the ten millions digit of 76897341?
7
What is the hundred millions digit of 1095629658?
0
What is the millions digit of 512723909?
2
What is the hundred thousands digit of 822815897?
8
What is the millions digit of 302876077?
2
What is the ten millions digit of 256979931?
5
What is the thousands digit of 3415209765?
9
What is the millions digit of 955790745?
5
What is the millions digit of 1048383481?
8
What is the ten millions digit of 834752257?
3
What is the tens digit of 46305128?
2
What is the units digit of 754977?
7
What is the hundreds digit of 10761426?
4
What is the hundred millions digit of 2840081200?
8
What is the hundred thousands digit of 395413538?
4
What is the hundred thousands digit of 5680657423?
6
What is the ten millions digit of 4679203812?
7
What is the hundreds digit of 1920649029?
0
What is the ten thousands digit of 3500179?
0
What is the ten thousands digit of 40612443?
1
What is the hundred thousands digit of 377592121?
5
What is the thousands digit of 399499044?
9
What is the units digit of 4050902653?
3
What is the tens digit of 5021011660?
6
What is the hundred millions digit of 524750758?
5
What is the hundred millions digit of 914000209?
9
What is the ten thousands digit of 10845092?
4
What is the millions digit of 46340295?
6
What is the hundreds digit of 340869566?
5
What is the ten thousands digit of 310027918?
2
What is the hundreds digit of 1217317829?
8
What is the hundred millions digit of 609045044?
6
What is the thousands digit of 1126380732?
0
What is the hundreds digit of 507584449?
4
What is the ten thousands digit of 42343213?
4
What is the hundred millions digit of 3661472655?
6
What is the thousands digit of 418777591?
7
What is the units digit of 184521999?
9
What is the hundreds digit of 388388784?
7
What is the thousands digit of 106159423?
9
What is the hundred millions digit of 161987097?
1
What is the hundred millions digit of 6152659555?
1
What is the hundred millions digit of 1062281638?
0
What is the ten thousands digit of 306373916?
7
What is the ten millions digit of 39102814?
3
What is the billions digit of 1792156322?
1
What is the hundreds digit of 4377801232?
2
What is the millions digit of 2118523468?
8
What is the billions digit of 2606433238?
2
What is the millions digit of 303080271?
3
What is the hundreds digit of 225965973?
9
What is the thousands digit of 361834135?
4
What is the millions digit of 63710393?
3
What is the hundred thousands digit of 40612346?
6
What is the millions digit of 185753588?
5
What is the hundred millions digit of 223480875?
2
What is the units digit of 1019101833?
3
What is the hundreds digit of 94480189?
1
What is the thousands digit of 298939529?
9
What is the hundred thousands digit of 79372001?
3
What is the hundred millions digit of 208247576?
2
What is the hundred thousands digit of 635226777?
2
What is the thousands digit of 89190944?
0
What is the units digit of 34056665?
5
What is the hundreds digit of 28635681?
6
What is the millions digit of 572554793?
2
What is the units digit of 1065500071?
1
What is the ten millions digit of 172412328?
7
What is the units digit of 856213075?
5
What is the hundreds digit of 610851738?
7
What is the tens digit of 712484?
8
What is the thousands digit of 1804078004?
8
What is the ten millions digit of 40846386?
4
What is the tens digit of 1241786314?
1
What is the hundred thousands digit of 3681354697?
3
What is the hundred millions digit of 865495905?
8
What is the hundreds digit of 1343554630?
6
What is the units digit of 4809633?
3
What is the millions digit of 1369291064?
9
What is the hundred millions digit of 564464919?
5
What is the ten thousands digit of 3474731075?
3
What is the hundreds digit of 1404072042?
0
What is the hundred thousands digit of 256018146?
0
What is the ten thousands digit of 51028939?
2
What is the hundred thousands digit of 90158988?
1
What is the thousands digit of 39935741?
5
What is the units digit of 578378098?
8
What is the units digit of 45645270?
0
What is the millions digit of 450823224?
0
What is the hundreds digit of 187708380?
3
What is the hundred thousands digit of 6036547925?
5
What is the units digit of 720545068?
8
What is the hundred thousands digit of 243307011?
3
What is the hundreds digit of 295549755?
7
What is the tens digit of 32079263?
6
What is the hundreds digit of 3687340159?
1
What is the thousands digit of 146862224?
2
What is the thousands digit of 4087522211?
2
What is the ten millions digit of 381284539?
8
What is the hundred thousands digit of 25208833?
2
What is the ten millions digit of 1707451253?
0
What is the ten millions digit of 295907702?
9
What is the units digit of 452137235?
5
What is the units digit of 89084508?
8
What is the units digit of 60463234?
4
What is the millions digit of 1140186479?
0
What is the thousands digit of 1109840?
9
What is the ten millions digit of 587463632?
8
What is the thousands digit of 18178633?
8
What is the tens digit of 1217604172?
7
What is the ten thousands digit of 40242447?
4
What is the ten millions digit of 240517146?
4
What is the hundreds digit of 130682766?
7
What is the ten thousands digit of 117430720?
3
What is the units digit of 5415377?
7
What is the ten thousands digit of 588372970?
7
What is the hundred millions digit of 216073016?
2
What is the tens digit of 46239704?
0
What is the hundred millions digit of 4594062809?
5
What is the hundred thousands digit of 352879048?
8
What is the hundred thousands digit of 3228269963?
2
What is the ten thousands digit of 145593118?
9
What is the hundred millions digit of 658458331?
6
What is the tens digit of 164181724?
2
What is the ten thousands digit of 50854383?
5
What is the hundred thousands digit of 164296712?
2
What is the ten thousands digit of 22170081?
7
What is the thousands digit of 75550695?
0
What is the thousands digit of 46117617?
7
What is the billions digit of 1326140697?
1
What is the tens digit of 615376405?
0
What is the tens digit of 1104593943?
4
What is the hundred thousands digit of 133517044?
5
What is the thousands digit of 49215604?
5
What is the hundred millions digit of 960735967?
9
What is the ten thousands digit of 116687605?
8
What is the units digit of 2026912378?
8
What is the ten thousands digit o